{"id":135,"date":"2017-09-19T23:17:26","date_gmt":"2017-09-19T23:17:26","guid":{"rendered":"http:\/\/www.cerca.org.mx\/?page_id=135"},"modified":"2023-04-29T13:03:33","modified_gmt":"2023-04-29T17:03:33","slug":"salud-ambiental","status":"publish","type":"page","link":"https:\/\/cerca.org.mx\/en\/salud-ambiental\/","title":{"rendered":"Environmental Health"},"content":{"rendered":"<div id=\"pl-135\"  class=\"panel-layout\" ><div id=\"pg-135-0\"  class=\"panel-grid panel-has-style\" ><div class=\"siteorigin-panels-stretch panel-row-style panel-row-style-for-135-0\" data-stretch-type=\"full-stretched\" ><div id=\"pgc-135-0-0\"  class=\"panel-grid-cell\" ><div id=\"panel-135-0-0-0\" class=\"so-panel widget widget_sow-hero panel-first-child panel-last-child\" data-index=\"0\" ><div\n\t\t\t\n\t\t\tclass=\"so-widget-sow-hero so-widget-sow-hero-default-d9a582961842-135 so-widget-fittext-wrapper\"\n\t\t\t data-fit-text-compressor=\"0.85\"\n\t\t>\t\t\t\t<div class=\"sow-slider-base\" style=\"display: none\">\n\t\t\t\t\t<ul\n\t\t\t\t\tclass=\"sow-slider-images\"\n\t\t\t\t\tdata-settings=\"{&quot;pagination&quot;:true,&quot;speed&quot;:800,&quot;timeout&quot;:8000,&quot;paused&quot;:true,&quot;pause_on_hover&quot;:false,&quot;swipe&quot;:true,&quot;nav_always_show_desktop&quot;:&quot;&quot;,&quot;nav_always_show_mobile&quot;:&quot;&quot;,&quot;breakpoint&quot;:&quot;780px&quot;,&quot;unmute&quot;:false,&quot;anchor&quot;:null}\"\n\t\t\t\t\tstyle=\"min-height: 40%\"\t\t\t\t\tdata-anchor-id=\"\"\n\t\t\t\t>\t\t<li class=\"sow-slider-image  sow-slider-image-cover\" style=\"visibility: visible;;background-color: #333333;background-image: url(https:\/\/cerca.org.mx\/wp-content\/uploads\/2022\/08\/Salud-ambiental-scaled.jpg)\" >\n\t\t\t\t\t<div class=\"sow-slider-image-container\">\n\t\t\t<div class=\"sow-slider-image-wrapper\">\n\t\t\t\t<h2 style=\"text-align: center;color: ffffff;font-size: 100px\">ENVIRONMENTAL HEALTH<\/h2>\t\t\t<\/div>\n\t\t<\/div>\n\t\t\t\t<\/li>\n\t\t<\/ul>\t\t\t\t<ol class=\"sow-slider-pagination\">\n\t\t\t\t\t\t\t\t\t\t\t<li><a href=\"#\" data-goto=\"0\" aria-label=\"display slide 1\"><\/a><\/li>\n\t\t\t\t\t\t\t\t\t<\/ol>\n\n\t\t\t\t<div class=\"sow-slide-nav sow-slide-nav-next\">\n\t\t\t\t\t<a href=\"#\" data-goto=\"next\" aria-label=\"next slide\" data-action=\"next\">\n\t\t\t\t\t\t<em class=\"sow-sld-icon-thin-right\"><\/em>\n\t\t\t\t\t<\/a>\n\t\t\t\t<\/div>\n\n\t\t\t\t<div class=\"sow-slide-nav sow-slide-nav-prev\">\n\t\t\t\t\t<a href=\"#\" data-goto=\"previous\" aria-label=\"previous slide\" data-action=\"prev\">\n\t\t\t\t\t\t<em class=\"sow-sld-icon-thin-left\"><\/em>\n\t\t\t\t\t<\/a>\n\t\t\t\t<\/div>\n\t\t\t\t<\/div><\/div><\/div><\/div><\/div><\/div><div id=\"pg-135-1\"  class=\"panel-grid panel-no-style\" ><div id=\"pgc-135-1-0\"  class=\"panel-grid-cell\" ><div id=\"panel-135-1-0-0\" class=\"so-panel widget widget_sow-editor panel-first-child panel-last-child\" data-index=\"1\" ><div\n\t\t\t\n\t\t\tclass=\"so-widget-sow-editor so-widget-sow-editor-base\"\n\t\t\t\n\t\t>\n<div class=\"siteorigin-widget-tinymce textwidget\">\n\t<h1 style=\"text-align: left; color: #005bab;\"><strong>Air pollution<\/strong><\/h1>\n<p style=\"text-align: left;\">The electricity generation plants installed in La Paz and Comond\u00fa release toxic and\nchemical substances into the atmosphere, which, although sometimes not seen, end up in\nour lungs every day.<\/p>\n<p>Something very important to keep in mind; fuel oil is a fossil fuel, and it comes from the\nresidues of refining crude oil, that&#039;s why, when combusting, we can normally see that dark\ncolored stain or sometimes slightly orange colors and reddish in the sky. Emitting mainly\nCarbon Dioxide (CO2), Nitrogen Oxides (NOX), Sulfur Dioxide (SO2), and Ozone (O3)<\/p>\n<\/div>\n<\/div><\/div><\/div><div id=\"pgc-135-1-1\"  class=\"panel-grid-cell\" ><div id=\"panel-135-1-1-0\" class=\"so-panel widget widget_media_image panel-first-child panel-last-child\" data-index=\"2\" ><figure style=\"width: 2560px\" class=\"wp-caption alignnone\"><img loading=\"lazy\" decoding=\"async\" width=\"2560\" height=\"1370\" src=\"https:\/\/cerca.org.mx\/wp-content\/uploads\/2022\/08\/Pluma-CCI-5-scaled.jpg\" class=\"image wp-image-4045  attachment-full size-full\" alt=\"\" style=\"max-width: 100%; height: auto;\" srcset=\"https:\/\/cerca.org.mx\/wp-content\/uploads\/2022\/08\/Pluma-CCI-5-scaled.jpg 2560w, https:\/\/cerca.org.mx\/wp-content\/uploads\/2022\/08\/Pluma-CCI-5-300x161.jpg 300w, https:\/\/cerca.org.mx\/wp-content\/uploads\/2022\/08\/Pluma-CCI-5-1024x548.jpg 1024w, https:\/\/cerca.org.mx\/wp-content\/uploads\/2022\/08\/Pluma-CCI-5-768x411.jpg 768w, https:\/\/cerca.org.mx\/wp-content\/uploads\/2022\/08\/Pluma-CCI-5-1536x822.jpg 1536w, https:\/\/cerca.org.mx\/wp-content\/uploads\/2022\/08\/Pluma-CCI-5-2048x1096.jpg 2048w, https:\/\/cerca.org.mx\/wp-content\/uploads\/2022\/08\/Pluma-CCI-5-18x10.jpg 18w\" sizes=\"auto, (max-width: 2560px) 100vw, 2560px\" \/><figcaption class=\"wp-caption-text\">OLYMPUS DIGITAL CAMERA<\/figcaption><\/figure><\/div><\/div><\/div><div id=\"pg-135-2\"  class=\"panel-grid panel-no-style\" ><div id=\"pgc-135-2-0\"  class=\"panel-grid-cell\" ><div id=\"panel-135-2-0-0\" class=\"so-panel widget widget_sow-headline panel-first-child panel-last-child\" data-index=\"3\" ><div\n\t\t\t\n\t\t\tclass=\"so-widget-sow-headline so-widget-sow-headline-default-ae0b46836760-135\"\n\t\t\t\n\t\t><div class=\"sow-headline-container\">\n\t<h2 class='sow-headline'>&quot;In addition to being expensive and unstable, it is destroying the health of South Californians\nand destroying the environment&quot;<\/h2>\t\t\t\t\t<div class=\"decoration\">\n\t\t\t\t\t\t<div class=\"decoration-inside\"><\/div>\n\t\t\t\t\t<\/div>\n\t\t\t\t\t<\/div>\n<\/div><\/div><\/div><\/div><div id=\"pg-135-3\"  class=\"panel-grid panel-no-style\" ><div id=\"pgc-135-3-0\"  class=\"panel-grid-cell\" ><div id=\"panel-135-3-0-0\" class=\"so-panel widget widget_sow-editor panel-first-child panel-last-child\" data-index=\"4\" ><div\n\t\t\t\n\t\t\tclass=\"so-widget-sow-editor so-widget-sow-editor-base\"\n\t\t\t\n\t\t>\n<div class=\"siteorigin-widget-tinymce textwidget\">\n\t<p>Air pollution, while invisible, can be deadly. It is the cause of:<br \/>\n25% of deaths from heart disease<br \/>\n34% of deaths from strokes<br \/>\n36% of lung cancer deaths<\/p>\n<p>* Information from the World Health Organization (WHO, 2021)<br \/>\nSource: Diagnosis of Energy and Air Quality in La Paz in 2021 (CERCA A.C.)<br \/>\nWith the data from our air quality monitoring network, we discovered that, during 120 days of\nthe year 2020. The number of toxic chemicals and substances harmful to health in the air of\nLa Paz, Baja California Sur, exceeded the limits allowed by the World Health Organization\n(WHO) and Mexican Official Standards (NOM)<\/p>\n<\/div>\n<\/div><\/div><\/div><div id=\"pgc-135-3-1\"  class=\"panel-grid-cell\" ><div id=\"panel-135-3-1-0\" class=\"so-panel widget widget_media_image panel-first-child panel-last-child\" data-index=\"5\" ><img loading=\"lazy\" decoding=\"async\" width=\"473\" height=\"480\" src=\"https:\/\/cerca.org.mx\/wp-content\/uploads\/2023\/05\/Imagenes-traduccion_3-scaled.jpg\" class=\"image wp-image-4044  attachment-full size-full\" alt=\"\" style=\"max-width: 100%; height: auto;\" srcset=\"https:\/\/cerca.org.mx\/wp-content\/uploads\/2023\/05\/Imagenes-traduccion_3-scaled.jpg 2560w, https:\/\/cerca.org.mx\/wp-content\/uploads\/2023\/05\/Imagenes-traduccion_3-300x212.jpg 300w, https:\/\/cerca.org.mx\/wp-content\/uploads\/2023\/05\/Imagenes-traduccion_3-1024x724.jpg 1024w, https:\/\/cerca.org.mx\/wp-content\/uploads\/2023\/05\/Imagenes-traduccion_3-768x543.jpg 768w, https:\/\/cerca.org.mx\/wp-content\/uploads\/2023\/05\/Imagenes-traduccion_3-1536x1086.jpg 1536w, https:\/\/cerca.org.mx\/wp-content\/uploads\/2023\/05\/Imagenes-traduccion_3-2048x1448.jpg 2048w, https:\/\/cerca.org.mx\/wp-content\/uploads\/2023\/05\/Imagenes-traduccion_3-18x12.jpg 18w\" sizes=\"auto, (max-width: 473px) 100vw, 473px\" \/><\/div><\/div><\/div><div id=\"pg-135-4\"  class=\"panel-grid panel-no-style\" ><div id=\"pgc-135-4-0\"  class=\"panel-grid-cell\" ><div id=\"panel-135-4-0-0\" class=\"so-panel widget widget_media_image panel-first-child panel-last-child\" data-index=\"6\" ><img loading=\"lazy\" decoding=\"async\" width=\"300\" height=\"200\" src=\"https:\/\/cerca.org.mx\/wp-content\/uploads\/2022\/11\/Red-de-monitoreo.png\" class=\"image wp-image-3638  attachment-medium size-medium\" alt=\"\" style=\"max-width: 100%; height: auto;\" srcset=\"https:\/\/cerca.org.mx\/wp-content\/uploads\/2022\/11\/Red-de-monitoreo.png 2000w, https:\/\/cerca.org.mx\/wp-content\/uploads\/2022\/11\/Red-de-monitoreo-300x300.png 300w, https:\/\/cerca.org.mx\/wp-content\/uploads\/2022\/11\/Red-de-monitoreo-1024x1024.png 1024w, https:\/\/cerca.org.mx\/wp-content\/uploads\/2022\/11\/Red-de-monitoreo-150x150.png 150w, https:\/\/cerca.org.mx\/wp-content\/uploads\/2022\/11\/Red-de-monitoreo-768x768.png 768w, https:\/\/cerca.org.mx\/wp-content\/uploads\/2022\/11\/Red-de-monitoreo-1536x1536.png 1536w, https:\/\/cerca.org.mx\/wp-content\/uploads\/2022\/11\/Red-de-monitoreo-12x12.png 12w\" sizes=\"auto, (max-width: 300px) 100vw, 300px\" \/><\/div><\/div><div id=\"pgc-135-4-1\"  class=\"panel-grid-cell\" ><div id=\"panel-135-4-1-0\" class=\"so-panel widget widget_sow-editor panel-first-child panel-last-child\" data-index=\"7\" ><div\n\t\t\t\n\t\t\tclass=\"so-widget-sow-editor so-widget-sow-editor-base\"\n\t\t\t\n\t\t>\n<div class=\"siteorigin-widget-tinymce textwidget\">\n\t<h1 style=\"text-align: left; color: #005bab;\"><strong>Air quality Monitoring Network<\/strong><\/h1>\n<p>Residing within the territory of the bay of La Paz, we are mainly dedicated to monitoring air\nquality, through the first existing citizen monitoring network in the city, which informs citizens in real time about the state of air quality and environmental contingency states.<\/p>\n<h5><a href=\"https:\/\/cerca.org.mx\/wp-content\/uploads\/2023\/04\/Presentacion-de-Proyecto-Social.pdf\"><strong>More information <\/strong><\/a><\/h5>\n<\/div>\n<\/div><\/div><\/div><\/div><div id=\"pg-135-5\"  class=\"panel-grid panel-no-style\" ><div id=\"pgc-135-5-0\"  class=\"panel-grid-cell\" ><div id=\"panel-135-5-0-0\" class=\"widget_text so-panel widget widget_custom_html panel-first-child panel-last-child\" data-index=\"8\" ><div class=\"textwidget custom-html-widget\"><\/div><\/div><\/div><div id=\"pgc-135-5-1\"  class=\"panel-grid-cell panel-grid-cell-mobile-last\" ><div id=\"panel-135-5-1-0\" class=\"widget_text so-panel widget widget_custom_html panel-first-child panel-last-child\" data-index=\"9\" ><div class=\"textwidget custom-html-widget\"><a href=\"https:\/\/airelimpiobcs.org.mx\/\" target=\"_blank\" ><img loading=\"lazy\" decoding=\"async\" src=\"https:\/\/cerca.org.mx\/wp-content\/uploads\/2022\/08\/airelimpio.png\" alt=\"0\" width=\"1500\" height=\"1000\" ><\/a><\/div><\/div><\/div><div id=\"pgc-135-5-2\"  class=\"panel-grid-cell panel-grid-cell-empty\" ><\/div><\/div><\/div>","protected":false},"excerpt":{"rendered":"<p>Contaminaci\u00f3n en el aire Las plantas de generaci\u00f3n de electricidad instaladas en La Paz y Comond\u00fa arrojan a la atm\u00f3sfera sustancias t\u00f3xicas y qu\u00edmicos, que, aunque a veces no se ven, terminan en nuestros pulmones todos los d\u00edas. Algo muy importante para tener en cuenta, el combust\u00f3leo es un combustible f\u00f3sil, y proviene de los &hellip;<\/p>\n<p class=\"read-more\"> <a class=\"\" href=\"https:\/\/cerca.org.mx\/en\/salud-ambiental\/\"> <span class=\"screen-reader-text\">Environmental Health<\/span> Read More &raquo;<\/a><\/p>","protected":false},"author":1,"featured_media":0,"parent":0,"menu_order":0,"comment_status":"closed","ping_status":"closed","template":"","meta":{"footnotes":""},"class_list":["post-135","page","type-page","status-publish","hentry"],"_links":{"self":[{"href":"https:\/\/cerca.org.mx\/en\/wp-json\/wp\/v2\/pages\/135","targetHints":{"allow":["GET"]}}],"collection":[{"href":"https:\/\/cerca.org.mx\/en\/wp-json\/wp\/v2\/pages"}],"about":[{"href":"https:\/\/cerca.org.mx\/en\/wp-json\/wp\/v2\/types\/page"}],"author":[{"embeddable":true,"href":"https:\/\/cerca.org.mx\/en\/wp-json\/wp\/v2\/users\/1"}],"replies":[{"embeddable":true,"href":"https:\/\/cerca.org.mx\/en\/wp-json\/wp\/v2\/comments?post=135"}],"version-history":[{"count":20,"href":"https:\/\/cerca.org.mx\/en\/wp-json\/wp\/v2\/pages\/135\/revisions"}],"predecessor-version":[{"id":4918,"href":"https:\/\/cerca.org.mx\/en\/wp-json\/wp\/v2\/pages\/135\/revisions\/4918"}],"wp:attachment":[{"href":"https:\/\/cerca.org.mx\/en\/wp-json\/wp\/v2\/media?parent=135"}],"curies":[{"name":"wp","href":"https:\/\/api.w.org\/{rel}","templated":true}]}}

<div id="pl-135"  class="panel-layout" ><div id="pg-135-0"  class="panel-grid panel-has-style" ><div class="siteorigin-panels-stretch panel-row-style panel-row-style-for-135-0" data-stretch-type="full-stretched" ><div id="pgc-135-0-0"  class="panel-grid-cell" ><div id="panel-135-0-0-0" class="so-panel widget widget_sow-hero panel-first-child panel-last-child" data-index="0" ><div
			
			class="so-widget-sow-hero so-widget-sow-hero-default-d9a582961842-135 so-widget-fittext-wrapper"
			 data-fit-text-compressor="0.85"
		>				<div class="sow-slider-base" style="display: none">
					<ul
					class="sow-slider-images"
					data-settings="{&quot;pagination&quot;:true,&quot;speed&quot;:800,&quot;timeout&quot;:8000,&quot;paused&quot;:true,&quot;pause_on_hover&quot;:false,&quot;swipe&quot;:true,&quot;nav_always_show_desktop&quot;:&quot;&quot;,&quot;nav_always_show_mobile&quot;:&quot;&quot;,&quot;breakpoint&quot;:&quot;780px&quot;,&quot;unmute&quot;:false,&quot;anchor&quot;:null}"
					style="min-height: 40%"					data-anchor-id=""
				>		<li class="sow-slider-image  sow-slider-image-cover" style="visibility: visible;;background-color: #333333;background-image: url(https://cerca.org.mx/wp-content/uploads/2022/08/Salud-ambiental-scaled.jpg)" >
					<div class="sow-slider-image-container">
			<div class="sow-slider-image-wrapper">
				<h2 style="text-align: center;color: ffffff;font-size: 100px">ENVIRONMENTAL HEALTH</h2>			</div>
		</div>
				</li>
		</ul>				<ol class="sow-slider-pagination">
											<li><a href="#" data-goto="0" aria-label="display slide 1"></a></li>
									</ol>

				<div class="sow-slide-nav sow-slide-nav-next">
					<a href="#" data-goto="next" aria-label="next slide" data-action="next">
						<em class="sow-sld-icon-thin-right"></em>
					</a>
				</div>

				<div class="sow-slide-nav sow-slide-nav-prev">
					<a href="#" data-goto="previous" aria-label="previous slide" data-action="prev">
						<em class="sow-sld-icon-thin-left"></em>
					</a>
				</div>
				</div></div></div></div></div></div><div id="pg-135-1"  class="panel-grid panel-no-style" ><div id="pgc-135-1-0"  class="panel-grid-cell" ><div id="panel-135-1-0-0" class="so-panel widget widget_sow-editor panel-first-child panel-last-child" data-index="1" ><div
			
			class="so-widget-sow-editor so-widget-sow-editor-base"
			
		>
<div class="siteorigin-widget-tinymce textwidget">
	<h1 style="text-align: left; color: #005bab;"><strong>Air pollution</strong></h1>
<p style="text-align: left;">The electricity generation plants installed in La Paz and Comondú release toxic and
chemical substances into the atmosphere, which, although sometimes not seen, end up in
our lungs every day.</p>
<p>Something very important to keep in mind; fuel oil is a fossil fuel, and it comes from the
residues of refining crude oil, that&#039;s why, when combusting, we can normally see that dark
colored stain or sometimes slightly orange colors and reddish in the sky. Emitting mainly
Carbon Dioxide (CO2), Nitrogen Oxides (NOX), Sulfur Dioxide (SO2), and Ozone (O3)</p>
</div>
</div></div></div><div id="pgc-135-1-1"  class="panel-grid-cell" ><div id="panel-135-1-1-0" class="so-panel widget widget_media_image panel-first-child panel-last-child" data-index="2" ><figure style="width: 2560px" class="wp-caption alignnone"><img loading="lazy" decoding="async" width="2560" height="1370" src="https://cerca.org.mx/wp-content/uploads/2022/08/Pluma-CCI-5-scaled.jpg" class="image wp-image-4045  attachment-full size-full" alt="" style="max-width: 100%; height: auto;" srcset="https://cerca.org.mx/wp-content/uploads/2022/08/Pluma-CCI-5-scaled.jpg 2560w, https://cerca.org.mx/wp-content/uploads/2022/08/Pluma-CCI-5-300x161.jpg 300w, https://cerca.org.mx/wp-content/uploads/2022/08/Pluma-CCI-5-1024x548.jpg 1024w, https://cerca.org.mx/wp-content/uploads/2022/08/Pluma-CCI-5-768x411.jpg 768w, https://cerca.org.mx/wp-content/uploads/2022/08/Pluma-CCI-5-1536x822.jpg 1536w, https://cerca.org.mx/wp-content/uploads/2022/08/Pluma-CCI-5-2048x1096.jpg 2048w, https://cerca.org.mx/wp-content/uploads/2022/08/Pluma-CCI-5-18x10.jpg 18w" sizes="auto, (max-width: 2560px) 100vw, 2560px" /><figcaption class="wp-caption-text">OLYMPUS DIGITAL CAMERA</figcaption></figure></div></div></div><div id="pg-135-2"  class="panel-grid panel-no-style" ><div id="pgc-135-2-0"  class="panel-grid-cell" ><div id="panel-135-2-0-0" class="so-panel widget widget_sow-headline panel-first-child panel-last-child" data-index="3" ><div
			
			class="so-widget-sow-headline so-widget-sow-headline-default-ae0b46836760-135"
			
		><div class="sow-headline-container">
	<h2 class='sow-headline'>&quot;In addition to being expensive and unstable, it is destroying the health of South Californians
and destroying the environment&quot;</h2>					<div class="decoration">
						<div class="decoration-inside"></div>
					</div>
					</div>
</div></div></div></div><div id="pg-135-3"  class="panel-grid panel-no-style" ><div id="pgc-135-3-0"  class="panel-grid-cell" ><div id="panel-135-3-0-0" class="so-panel widget widget_sow-editor panel-first-child panel-last-child" data-index="4" ><div
			
			class="so-widget-sow-editor so-widget-sow-editor-base"
			
		>
<div class="siteorigin-widget-tinymce textwidget">
	<p>Air pollution, while invisible, can be deadly. It is the cause of:<br />
25% of deaths from heart disease<br />
34% of deaths from strokes<br />
36% of lung cancer deaths</p>
<p>* Information from the World Health Organization (WHO, 2021)<br />
Source: Diagnosis of Energy and Air Quality in La Paz in 2021 (CERCA A.C.)<br />
With the data from our air quality monitoring network, we discovered that, during 120 days of
the year 2020. The number of toxic chemicals and substances harmful to health in the air of
La Paz, Baja California Sur, exceeded the limits allowed by the World Health Organization
(WHO) and Mexican Official Standards (NOM)</p>
</div>
</div></div></div><div id="pgc-135-3-1"  class="panel-grid-cell" ><div id="panel-135-3-1-0" class="so-panel widget widget_media_image panel-first-child panel-last-child" data-index="5" ><img loading="lazy" decoding="async" width="473" height="480" src="https://cerca.org.mx/wp-content/uploads/2023/05/Imagenes-traduccion_3-scaled.jpg" class="image wp-image-4044  attachment-full size-full" alt="" style="max-width: 100%; height: auto;" srcset="https://cerca.org.mx/wp-content/uploads/2023/05/Imagenes-traduccion_3-scaled.jpg 2560w, https://cerca.org.mx/wp-content/uploads/2023/05/Imagenes-traduccion_3-300x212.jpg 300w, https://cerca.org.mx/wp-content/uploads/2023/05/Imagenes-traduccion_3-1024x724.jpg 1024w, https://cerca.org.mx/wp-content/uploads/2023/05/Imagenes-traduccion_3-768x543.jpg 768w, https://cerca.org.mx/wp-content/uploads/2023/05/Imagenes-traduccion_3-1536x1086.jpg 1536w, https://cerca.org.mx/wp-content/uploads/2023/05/Imagenes-traduccion_3-2048x1448.jpg 2048w, https://cerca.org.mx/wp-content/uploads/2023/05/Imagenes-traduccion_3-18x12.jpg 18w" sizes="auto, (max-width: 473px) 100vw, 473px" /></div></div></div><div id="pg-135-4"  class="panel-grid panel-no-style" ><div id="pgc-135-4-0"  class="panel-grid-cell" ><div id="panel-135-4-0-0" class="so-panel widget widget_media_image panel-first-child panel-last-child" data-index="6" ><img loading="lazy" decoding="async" width="300" height="200" src="https://cerca.org.mx/wp-content/uploads/2022/11/Red-de-monitoreo.png" class="image wp-image-3638  attachment-medium size-medium" alt="" style="max-width: 100%; height: auto;" srcset="https://cerca.org.mx/wp-content/uploads/2022/11/Red-de-monitoreo.png 2000w, https://cerca.org.mx/wp-content/uploads/2022/11/Red-de-monitoreo-300x300.png 300w, https://cerca.org.mx/wp-content/uploads/2022/11/Red-de-monitoreo-1024x1024.png 1024w, https://cerca.org.mx/wp-content/uploads/2022/11/Red-de-monitoreo-150x150.png 150w, https://cerca.org.mx/wp-content/uploads/2022/11/Red-de-monitoreo-768x768.png 768w, https://cerca.org.mx/wp-content/uploads/2022/11/Red-de-monitoreo-1536x1536.png 1536w, https://cerca.org.mx/wp-content/uploads/2022/11/Red-de-monitoreo-12x12.png 12w" sizes="auto, (max-width: 300px) 100vw, 300px" /></div></div><div id="pgc-135-4-1"  class="panel-grid-cell" ><div id="panel-135-4-1-0" class="so-panel widget widget_sow-editor panel-first-child panel-last-child" data-index="7" ><div
			
			class="so-widget-sow-editor so-widget-sow-editor-base"
			
		>
<div class="siteorigin-widget-tinymce textwidget">
	<h1 style="text-align: left; color: #005bab;"><strong>Air quality Monitoring Network</strong></h1>
<p>Residing within the territory of the bay of La Paz, we are mainly dedicated to monitoring air
quality, through the first existing citizen monitoring network in the city, which informs citizens in real time about the state of air quality and environmental contingency states.</p>
<h5><a href="https://cerca.org.mx/wp-content/uploads/2023/04/Presentacion-de-Proyecto-Social.pdf"><strong>More information </strong></a></h5>
</div>
</div></div></div></div><div id="pg-135-5"  class="panel-grid panel-no-style" ><div id="pgc-135-5-0"  class="panel-grid-cell" ><div id="panel-135-5-0-0" class="widget_text so-panel widget widget_custom_html panel-first-child panel-last-child" data-index="8" ><div class="textwidget custom-html-widget"></div></div></div><div id="pgc-135-5-1"  class="panel-grid-cell panel-grid-cell-mobile-last" ><div id="panel-135-5-1-0" class="widget_text so-panel widget widget_custom_html panel-first-child panel-last-child" data-index="9" ><div class="textwidget custom-html-widget"><a href="https://airelimpiobcs.org.mx/" target="_blank" ><img loading="lazy" decoding="async" src="https://cerca.org.mx/wp-content/uploads/2022/08/airelimpio.png" alt="0" width="1500" height="1000" ></a></div></div></div><div id="pgc-135-5-2"  class="panel-grid-cell panel-grid-cell-empty" ></div></div></div>

<p>Contaminación en el aire Las plantas de generación de electricidad instaladas en La Paz y Comondú arrojan a la atmósfera sustancias tóxicas y químicos, que, aunque a veces no se ven, terminan en nuestros pulmones todos los días. Algo muy importante para tener en cuenta, el combustóleo es un combustible fósil, y proviene de los &hellip;</p>
<p class="read-more"> <a class="" href="https://cerca.org.mx/en/salud-ambiental/"> <span class="screen-reader-text">Environmental Health</span> Read More &raquo;</a></p>
