{"id":19,"date":"2017-09-19T01:13:52","date_gmt":"2017-09-19T01:13:52","guid":{"rendered":"http:\/\/www.cerca.org.mx\/?page_id=17"},"modified":"2025-11-05T14:22:21","modified_gmt":"2025-11-05T18:22:21","slug":"mision-vision","status":"publish","type":"page","link":"https:\/\/cerca.org.mx\/en\/mision-vision\/","title":{"rendered":"Misi\u00f3n Vision"},"content":{"rendered":"<div id=\"pl-19\"  class=\"panel-layout\" ><div id=\"pg-19-0\"  class=\"panel-grid panel-has-style\" ><div class=\"siteorigin-panels-stretch panel-row-style panel-row-style-for-19-0\" data-stretch-type=\"full-stretched\" ><div id=\"pgc-19-0-0\"  class=\"panel-grid-cell\" ><div id=\"panel-19-0-0-0\" class=\"so-panel widget widget_sow-hero panel-first-child panel-last-child\" data-index=\"0\" ><div\n\t\t\t\n\t\t\tclass=\"so-widget-sow-hero so-widget-sow-hero-default-e7265e0f7247-19 so-widget-fittext-wrapper\"\n\t\t\t data-fit-text-compressor=\"0.85\"\n\t\t>\t\t\t\t<div class=\"sow-slider-base\" style=\"display: none\">\n\t\t\t\t\t<ul\n\t\t\t\t\tclass=\"sow-slider-images\"\n\t\t\t\t\tdata-settings=\"{&quot;pagination&quot;:true,&quot;speed&quot;:800,&quot;timeout&quot;:8000,&quot;paused&quot;:true,&quot;pause_on_hover&quot;:false,&quot;swipe&quot;:true,&quot;nav_always_show_desktop&quot;:&quot;&quot;,&quot;nav_always_show_mobile&quot;:&quot;&quot;,&quot;breakpoint&quot;:&quot;780px&quot;,&quot;unmute&quot;:false,&quot;anchor&quot;:null}\"\n\t\t\t\t\tstyle=\"min-height: 40%\"\t\t\t\t\tdata-anchor-id=\"\"\n\t\t\t\t>\t\t<li class=\"sow-slider-image  sow-slider-image-cover\" style=\"visibility: visible;;background-color: #333333;background-image: url(https:\/\/cerca.org.mx\/wp-content\/uploads\/2022\/08\/\u00bfque-hacemos_-scaled.jpg)\" >\n\t\t\t\t\t<div class=\"sow-slider-image-container\">\n\t\t\t<div class=\"sow-slider-image-wrapper\">\n\t\t\t\t<h1 style=\"text-align: center;color: ffffff;font-size: 150px\">Our mission<\/h1>\n<p style=\"text-align: center;color: ffffff;font-size: 20px\">To have a state with diverse sources of energy and increasingly clean mobility, where the\nquality of the environment, the health of our citizens, and the resilience and prosperity of\nBaja California Sur are gradually improved.<\/p>\t\t\t<\/div>\n\t\t<\/div>\n\t\t\t\t<\/li>\n\t\t<\/ul>\t\t\t\t<ol class=\"sow-slider-pagination\">\n\t\t\t\t\t\t\t\t\t\t\t<li><a href=\"#\" data-goto=\"0\" aria-label=\"display slide 1\"><\/a><\/li>\n\t\t\t\t\t\t\t\t\t<\/ol>\n\n\t\t\t\t<div class=\"sow-slide-nav sow-slide-nav-next\">\n\t\t\t\t\t<a href=\"#\" data-goto=\"next\" aria-label=\"next slide\" data-action=\"next\">\n\t\t\t\t\t\t<em class=\"sow-sld-icon-thin-right\"><\/em>\n\t\t\t\t\t<\/a>\n\t\t\t\t<\/div>\n\n\t\t\t\t<div class=\"sow-slide-nav sow-slide-nav-prev\">\n\t\t\t\t\t<a href=\"#\" data-goto=\"previous\" aria-label=\"previous slide\" data-action=\"prev\">\n\t\t\t\t\t\t<em class=\"sow-sld-icon-thin-left\"><\/em>\n\t\t\t\t\t<\/a>\n\t\t\t\t<\/div>\n\t\t\t\t<\/div><\/div><\/div><\/div><\/div><\/div><div id=\"pg-19-1\"  class=\"panel-grid panel-no-style\" ><div id=\"pgc-19-1-0\"  class=\"panel-grid-cell\" ><div id=\"panel-19-1-0-0\" class=\"so-panel widget widget_media_image panel-first-child panel-last-child\" data-index=\"1\" ><img loading=\"lazy\" decoding=\"async\" width=\"500\" height=\"282\" src=\"https:\/\/cerca.org.mx\/wp-content\/uploads\/2022\/08\/nuestra-vision-768x433.jpg\" class=\"image wp-image-3797  attachment-500x282 size-500x282\" alt=\"\" style=\"max-width: 100%; height: auto;\" srcset=\"https:\/\/cerca.org.mx\/wp-content\/uploads\/2022\/08\/nuestra-vision-768x433.jpg 768w, https:\/\/cerca.org.mx\/wp-content\/uploads\/2022\/08\/nuestra-vision-300x169.jpg 300w, https:\/\/cerca.org.mx\/wp-content\/uploads\/2022\/08\/nuestra-vision-1024x577.jpg 1024w, https:\/\/cerca.org.mx\/wp-content\/uploads\/2022\/08\/nuestra-vision-1536x866.jpg 1536w, https:\/\/cerca.org.mx\/wp-content\/uploads\/2022\/08\/nuestra-vision-2048x1155.jpg 2048w, https:\/\/cerca.org.mx\/wp-content\/uploads\/2022\/08\/nuestra-vision-18x10.jpg 18w\" sizes=\"auto, (max-width: 500px) 100vw, 500px\" \/><\/div><\/div><div id=\"pgc-19-1-1\"  class=\"panel-grid-cell\" ><div id=\"panel-19-1-1-0\" class=\"so-panel widget widget_sow-editor panel-first-child panel-last-child\" data-index=\"2\" ><div\n\t\t\t\n\t\t\tclass=\"so-widget-sow-editor so-widget-sow-editor-base\"\n\t\t\t\n\t\t>\n<div class=\"siteorigin-widget-tinymce textwidget\">\n\t<h1 style=\"text-align: left; color: #005bab;\"><strong>Our vision<\/strong><\/h1>\n<p>To achieve the transformation of energy sources in the state of Baja California Sur and of all\npolluting sources to have a positive impact on air quality and public health in our\ncommunities and cities.<\/p>\n<\/div>\n<\/div><\/div><\/div><\/div><div id=\"pg-19-2\"  class=\"panel-grid panel-no-style\" ><div id=\"pgc-19-2-0\"  class=\"panel-grid-cell\" ><div id=\"panel-19-2-0-0\" class=\"so-panel widget widget_media_image panel-first-child panel-last-child\" data-index=\"3\" ><img loading=\"lazy\" decoding=\"async\" width=\"700\" height=\"466\" src=\"https:\/\/cerca.org.mx\/wp-content\/uploads\/2022\/08\/plan-de-accion-768x511.jpg\" class=\"image wp-image-3798  attachment-700x466 size-700x466\" alt=\"\" style=\"max-width: 100%; height: auto;\" srcset=\"https:\/\/cerca.org.mx\/wp-content\/uploads\/2022\/08\/plan-de-accion-768x511.jpg 768w, https:\/\/cerca.org.mx\/wp-content\/uploads\/2022\/08\/plan-de-accion-300x200.jpg 300w, https:\/\/cerca.org.mx\/wp-content\/uploads\/2022\/08\/plan-de-accion-1024x682.jpg 1024w, https:\/\/cerca.org.mx\/wp-content\/uploads\/2022\/08\/plan-de-accion-1536x1022.jpg 1536w, https:\/\/cerca.org.mx\/wp-content\/uploads\/2022\/08\/plan-de-accion-2048x1363.jpg 2048w, https:\/\/cerca.org.mx\/wp-content\/uploads\/2022\/08\/plan-de-accion-18x12.jpg 18w, https:\/\/cerca.org.mx\/wp-content\/uploads\/2022\/08\/plan-de-accion-272x182.jpg 272w\" sizes=\"auto, (max-width: 700px) 100vw, 700px\" \/><\/div><\/div><div id=\"pgc-19-2-1\"  class=\"panel-grid-cell\" ><div id=\"panel-19-2-1-0\" class=\"so-panel widget widget_sow-editor panel-first-child panel-last-child\" data-index=\"4\" ><div\n\t\t\t\n\t\t\tclass=\"so-widget-sow-editor so-widget-sow-editor-base\"\n\t\t\t\n\t\t>\n<div class=\"siteorigin-widget-tinymce textwidget\">\n\t<h1 style=\"text-align: left; color: #005bab;\"><strong>10-year action plan<\/strong><\/h1>\n<ol>\n<li>\u00a0To generate technical inputs that allow the withdrawal or extension of the limits to the\ninterconnection for distributed generation in BCS.<\/li>\n<li>Promote an international competition for the implementation of a technology or pilot project\nwith a renewable energy source in BCS.<\/li>\n<li>Influence to guarantee the supply of electricity in BCS in an affordable and\nsustainable way.<\/li>\n<li>Promote the implementation of solutions for related services in electrical systems.<\/li>\n<li>Make visible the need for investment in infrastructure to generate electricity\nwith renewable energy sources.<\/li>\n<li>Manage solutions to strengthen supply and transmission systems\nin BCS to support and have a resilient electrical system.<\/li>\n<li>Having a diverse and sustainable electrical system that works based on a\nelectricity generation mix.<\/li>\n<\/ol>\n<\/div>\n<\/div><\/div><\/div><\/div><div id=\"pg-19-3\"  class=\"panel-grid panel-no-style\" ><div id=\"pgc-19-3-0\"  class=\"panel-grid-cell\" ><div id=\"panel-19-3-0-0\" class=\"so-panel widget widget_media_image panel-first-child panel-last-child\" data-index=\"5\" ><img loading=\"lazy\" decoding=\"async\" width=\"1675\" height=\"2560\" src=\"https:\/\/cerca.org.mx\/wp-content\/uploads\/2022\/08\/\u00bfque-hacemos_-scaled.jpg\" class=\"image wp-image-3796  attachment-full size-full\" alt=\"\" style=\"max-width: 100%; height: auto;\" srcset=\"https:\/\/cerca.org.mx\/wp-content\/uploads\/2022\/08\/\u00bfque-hacemos_-scaled.jpg 1675w, https:\/\/cerca.org.mx\/wp-content\/uploads\/2022\/08\/\u00bfque-hacemos_-196x300.jpg 196w, https:\/\/cerca.org.mx\/wp-content\/uploads\/2022\/08\/\u00bfque-hacemos_-670x1024.jpg 670w, https:\/\/cerca.org.mx\/wp-content\/uploads\/2022\/08\/\u00bfque-hacemos_-768x1174.jpg 768w, https:\/\/cerca.org.mx\/wp-content\/uploads\/2022\/08\/\u00bfque-hacemos_-1005x1536.jpg 1005w, https:\/\/cerca.org.mx\/wp-content\/uploads\/2022\/08\/\u00bfque-hacemos_-1340x2048.jpg 1340w, https:\/\/cerca.org.mx\/wp-content\/uploads\/2022\/08\/\u00bfque-hacemos_-8x12.jpg 8w\" sizes=\"auto, (max-width: 1675px) 100vw, 1675px\" \/><\/div><\/div><div id=\"pgc-19-3-1\"  class=\"panel-grid-cell\" ><div id=\"panel-19-3-1-0\" class=\"so-panel widget widget_sow-editor panel-first-child panel-last-child\" data-index=\"6\" ><div\n\t\t\t\n\t\t\tclass=\"so-widget-sow-editor so-widget-sow-editor-base\"\n\t\t\t\n\t\t>\n<div class=\"siteorigin-widget-tinymce textwidget\">\n\t<h1 style=\"text-align: left; color: #005bab;\"><strong>What do we do?<\/strong><\/h1>\n<ul>\n<li style=\"list-style-type: none;\">\n<ul>\n<li style=\"text-align: left; color: #00ace5;\"><a href=\"https:\/\/docs.google.com\/presentation\/d\/15YcMVyXLeZozLut3aZayAUU8CkywRbbo8ABUo1fnLbk\/edit\">Institutional collaboration<\/a><\/li>\n<li style=\"text-align: left; color: #00ace5;\"><a href=\"https:\/\/cerca.org.mx\/wp-content\/uploads\/2020\/05\/Resumen-grafico-del-Reporte-anual-de-la-Red-de-Monitoreo\">Analysis of data<\/a><\/li>\n<li style=\"text-align: left; color: #00ace5;\"><a href=\"https:\/\/cerca.org.mx\/wp-content\/uploads\/2021\/12\/CERCA_Memoria-Anual-2021.pdf\">Community work<\/a><\/li>\n<li style=\"text-align: left; color: #00ace5;\"><a href=\"https:\/\/heyzine.com\/flip-book\/d69c928789.html#page\/1\">Press information<\/a><\/li>\n<li style=\"text-align: left; color: #00ace5;\"><a href=\"https:\/\/airelimpio.org.mx\/\">Monitoring<\/a><\/li>\n<li style=\"text-align: left; color: #00ace5;\"><a href=\"https:\/\/youtu.be\/0uGz52eji1s?si=y1-iJdoaacXlw1yP\">Projects<\/a><\/li>\n<\/ul>\n<\/li>\n<\/ul>\n<p>&nbsp;<\/p>\n<\/div>\n<\/div><\/div><\/div><\/div><div id=\"pg-19-4\"  class=\"panel-grid panel-no-style\" ><div id=\"pgc-19-4-0\"  class=\"panel-grid-cell\" ><div id=\"panel-19-4-0-0\" class=\"so-panel widget widget_media_image panel-first-child panel-last-child\" data-index=\"7\" ><img loading=\"lazy\" decoding=\"async\" width=\"1024\" height=\"657\" src=\"https:\/\/cerca.org.mx\/wp-content\/uploads\/2022\/11\/banner-ingles.png\" class=\"image wp-image-3820  attachment-large size-large\" alt=\"\" style=\"max-width: 100%; height: auto;\" srcset=\"https:\/\/cerca.org.mx\/wp-content\/uploads\/2022\/11\/banner-ingles.png 1440w, https:\/\/cerca.org.mx\/wp-content\/uploads\/2022\/11\/banner-ingles-300x193.png 300w, https:\/\/cerca.org.mx\/wp-content\/uploads\/2022\/11\/banner-ingles-1024x657.png 1024w, https:\/\/cerca.org.mx\/wp-content\/uploads\/2022\/11\/banner-ingles-768x493.png 768w, https:\/\/cerca.org.mx\/wp-content\/uploads\/2022\/11\/banner-ingles-18x12.png 18w\" sizes=\"auto, (max-width: 1024px) 100vw, 1024px\" \/><\/div><\/div><\/div><\/div>","protected":false},"excerpt":{"rendered":"<p>Nuestra Visi\u00f3n Lograr la transformaci\u00f3n de las fuentes de energ\u00eda en el estado de Baja California Sur y de todas las fuentes contaminantes para tener un impacto positivo en la calidad del aire y en la salud p\u00fablica de nuestras comunidades y ciudades.<\/p>","protected":false},"author":1,"featured_media":0,"parent":0,"menu_order":0,"comment_status":"closed","ping_status":"closed","template":"","meta":{"footnotes":""},"class_list":["post-19","page","type-page","status-publish","hentry"],"_links":{"self":[{"href":"https:\/\/cerca.org.mx\/en\/wp-json\/wp\/v2\/pages\/19","targetHints":{"allow":["GET"]}}],"collection":[{"href":"https:\/\/cerca.org.mx\/en\/wp-json\/wp\/v2\/pages"}],"about":[{"href":"https:\/\/cerca.org.mx\/en\/wp-json\/wp\/v2\/types\/page"}],"author":[{"embeddable":true,"href":"https:\/\/cerca.org.mx\/en\/wp-json\/wp\/v2\/users\/1"}],"replies":[{"embeddable":true,"href":"https:\/\/cerca.org.mx\/en\/wp-json\/wp\/v2\/comments?post=19"}],"version-history":[{"count":63,"href":"https:\/\/cerca.org.mx\/en\/wp-json\/wp\/v2\/pages\/19\/revisions"}],"predecessor-version":[{"id":2729,"href":"https:\/\/cerca.org.mx\/en\/wp-json\/wp\/v2\/pages\/19\/revisions\/2729"}],"wp:attachment":[{"href":"https:\/\/cerca.org.mx\/en\/wp-json\/wp\/v2\/media?parent=19"}],"curies":[{"name":"wp","href":"https:\/\/api.w.org\/{rel}","templated":true}]}}

Misión Vision

<p>Nuestra Visión Lograr la transformación de las fuentes de energía en el estado de Baja California Sur y de todas las fuentes contaminantes para tener un impacto positivo en la calidad del aire y en la salud pública de nuestras comunidades y ciudades.</p>
