{"id":4643,"date":"2023-02-21T18:54:19","date_gmt":"2023-02-21T22:54:19","guid":{"rendered":"https:\/\/cerca.org.mx\/?page_id=4643"},"modified":"2023-02-23T17:05:47","modified_gmt":"2023-02-23T21:05:47","slug":"maria-luisa-cruz","status":"publish","type":"page","link":"https:\/\/cerca.org.mx\/en\/maria-luisa-cruz\/","title":{"rendered":"Mar\u00eda Luisa Cruz"},"content":{"rendered":"<div id=\"pl-4643\"  class=\"panel-layout\" ><div id=\"pg-4643-0\"  class=\"panel-grid panel-has-style\" ><div class=\"panel-row-style panel-row-style-for-4643-0\" ><div id=\"pgc-4643-0-0\"  class=\"panel-grid-cell\" ><div id=\"panel-4643-0-0-0\" class=\"so-panel widget widget_sow-editor panel-first-child\" data-index=\"0\" ><div\n\t\t\t\n\t\t\tclass=\"so-widget-sow-editor so-widget-sow-editor-base\"\n\t\t\t\n\t\t>\n<div class=\"siteorigin-widget-tinymce textwidget\">\n\t<p><img loading=\"lazy\" decoding=\"async\" class=\"aligncenter wp-image-4688\" style=\"border-radius: 50%;\" src=\"https:\/\/cerca.org.mx\/wp-content\/uploads\/2023\/02\/image1-10.jpg\" alt=\"\" width=\"250\" height=\"250\" srcset=\"https:\/\/cerca.org.mx\/wp-content\/uploads\/2023\/02\/image1-10.jpg 1600w, https:\/\/cerca.org.mx\/wp-content\/uploads\/2023\/02\/image1-10-300x300.jpg 300w, https:\/\/cerca.org.mx\/wp-content\/uploads\/2023\/02\/image1-10-1024x1024.jpg 1024w, https:\/\/cerca.org.mx\/wp-content\/uploads\/2023\/02\/image1-10-150x150.jpg 150w, https:\/\/cerca.org.mx\/wp-content\/uploads\/2023\/02\/image1-10-768x768.jpg 768w, https:\/\/cerca.org.mx\/wp-content\/uploads\/2023\/02\/image1-10-1536x1536.jpg 1536w, https:\/\/cerca.org.mx\/wp-content\/uploads\/2023\/02\/image1-10-12x12.jpg 12w\" sizes=\"auto, (max-width: 250px) 100vw, 250px\" \/><\/p>\n<\/div>\n<\/div><\/div><div id=\"panel-4643-0-0-1\" class=\"so-panel widget widget_sow-editor\" data-index=\"1\" ><div\n\t\t\t\n\t\t\tclass=\"so-widget-sow-editor so-widget-sow-editor-base\"\n\t\t\t\n\t\t>\n<div class=\"siteorigin-widget-tinymce textwidget\">\n\t<hr \/>\n<h2 style=\"text-align: center;\"><span style=\"color: #2aa5d6;\">Mar\u00eda Luisa Cruz<br \/>\n<\/span><\/h2>\n<hr \/>\n<\/div>\n<\/div><\/div><div id=\"panel-4643-0-0-2\" class=\"so-panel widget widget_sow-editor panel-last-child\" data-index=\"2\" ><div\n\t\t\t\n\t\t\tclass=\"so-widget-sow-editor so-widget-sow-editor-base\"\n\t\t\t\n\t\t>\n<div class=\"siteorigin-widget-tinymce textwidget\">\n\t<p>Mar\u00eda Luisa Cruz Zer\u00f3n is originally from Puebla, an Architect by profession graduated from the Universidad Iberoamericana of Puebla, residing and practicing in Los Cabos for more than a decade. From a very young age she developed her ability to write prose and verse about people's trapped emotions and events, from personal experience.<\/p>\n<p>Recently, in her texts, she has focused on the latent emotional crisis in our current society to which we have enslaved ourselves, on the need to get rid of the Ego, to explore more in inner recognition, and the urgency of awakening consciousness to what really matters in such a broken, hurt and indifferent society. This restlessness has been transferred to painting in a conceptual and abstract way. In the painting she intends to connect people in such a way that they explore and recognize in themselves their trapped and hidden emotions waiting for that escape to be released.<\/p>\n<p>She considers herself as a being with a rebellious spirit with strong, intense and at the same time noble emotions, art being her tool to let them flow and letters her way of raising her voice and saying things as they are: the way to speak out. For her, it is the colours, the texture and the flow of the paint that lead to the interpenetration of emotion, the artist and the viewer. The textures represent the scars of the experiences that have hurt us, marked us, and are the witnesses of our history, but that in the end lead us to evolve and transform ourselves into something unique...into the masterpiece that we are and that sometimes we do not recognize ourselves. as such.<\/p>\n<\/div>\n<\/div><\/div><\/div><\/div><\/div><div id=\"pg-4643-1\"  class=\"panel-grid panel-has-style\" ><div class=\"panel-row-style panel-row-style-for-4643-1\" ><div id=\"pgc-4643-1-0\"  class=\"panel-grid-cell\" ><div id=\"panel-4643-1-0-0\" class=\"so-panel widget widget_sow-features panel-first-child panel-last-child\" data-index=\"3\" ><div\n\t\t\t\n\t\t\tclass=\"so-widget-sow-features so-widget-sow-features-default-c09f2d03c604-4643\"\n\t\t\t\n\t\t>\n<div class=\"sow-features-list sow-features-responsive\">\n\n\t\t\t\t\t\t\t\t\t<div\n\t\t\t\tclass=\"sow-features-feature sow-icon-container-position-top sow-features-feature-last-row\"\n\t\t\t\tstyle=\"display: flex; flex-direction: column; width: 100%;\"\n\t\t\t>\n\t\t\t\n\t\t\t\t\t\t\t\t<div\n\t\t\t\t\tclass=\"sow-icon-container sow-container-round\"\n\t\t\t\t\tstyle=\"color: #ffffff; \"\n\t\t\t\t\t>\n\t\t\t\t\t<div class=\"sow-icon-image\" style=\"background-image: url(https:\/\/cerca.org.mx\/wp-content\/uploads\/2023\/02\/Instagram_logo_2016.svg_.png); font-size: 100px\"><\/div>\t\t\t\t<\/div>\n\t\t\t\t\n\t\t\t\t<div class=\"textwidget\">\n\t\t\t\t\t\n\t\t\t\t\t\n\t\t\t\t\t\t\t\t\t\t\t<p style=\"text-align: center; margin: 1px;\"><strong>Instagram<\/strong><\/p>\n<p style=\"text-align: center; margin: 1px;\"><a href=\"https:\/\/www.instagram.com\/mavie.art\/\">@mavie.art<\/a><\/p>\n\t\t\t\t\t\n\t\t\t\t\t\t\t\t\t<\/div>\n\t\t\t\t\t\t\t\t\n\t\t\t\t\t\t\t<\/div>\n\n\t\t\t\n<\/div>\n<\/div><\/div><\/div><\/div><\/div><\/div>","protected":false},"excerpt":{"rendered":"<p>Mar\u00eda Luisa Cruz Mar\u00eda Luisa Cruz Zer\u00f3n es originaria de Puebla, Arquitecta de profesi\u00f3n egresada de la Universidad Iberoamericana Puebla, residiendo y ejerciendo en Los Cabos desde hace m\u00e1s de una d\u00e9cada. Desde muy corta edad desarroll\u00f3 su habilidad para escribir en prosa y verso sobre las emociones y eventos atrapados de las personas, desde &hellip;<\/p>\n<p class=\"read-more\"> <a class=\"\" href=\"https:\/\/cerca.org.mx\/en\/maria-luisa-cruz\/\"> <span class=\"screen-reader-text\">Mar\u00eda Luisa Cruz<\/span> Read More &raquo;<\/a><\/p>","protected":false},"author":1,"featured_media":0,"parent":0,"menu_order":0,"comment_status":"closed","ping_status":"closed","template":"","meta":{"footnotes":""},"class_list":["post-4643","page","type-page","status-publish","hentry"],"_links":{"self":[{"href":"https:\/\/cerca.org.mx\/en\/wp-json\/wp\/v2\/pages\/4643","targetHints":{"allow":["GET"]}}],"collection":[{"href":"https:\/\/cerca.org.mx\/en\/wp-json\/wp\/v2\/pages"}],"about":[{"href":"https:\/\/cerca.org.mx\/en\/wp-json\/wp\/v2\/types\/page"}],"author":[{"embeddable":true,"href":"https:\/\/cerca.org.mx\/en\/wp-json\/wp\/v2\/users\/1"}],"replies":[{"embeddable":true,"href":"https:\/\/cerca.org.mx\/en\/wp-json\/wp\/v2\/comments?post=4643"}],"version-history":[{"count":6,"href":"https:\/\/cerca.org.mx\/en\/wp-json\/wp\/v2\/pages\/4643\/revisions"}],"predecessor-version":[{"id":4763,"href":"https:\/\/cerca.org.mx\/en\/wp-json\/wp\/v2\/pages\/4643\/revisions\/4763"}],"wp:attachment":[{"href":"https:\/\/cerca.org.mx\/en\/wp-json\/wp\/v2\/media?parent=4643"}],"curies":[{"name":"wp","href":"https:\/\/api.w.org\/{rel}","templated":true}]}}

María Luisa Cruz

<div id="pl-4643"  class="panel-layout" ><div id="pg-4643-0"  class="panel-grid panel-has-style" ><div class="panel-row-style panel-row-style-for-4643-0" ><div id="pgc-4643-0-0"  class="panel-grid-cell" ><div id="panel-4643-0-0-0" class="so-panel widget widget_sow-editor panel-first-child" data-index="0" ><div
			
			class="so-widget-sow-editor so-widget-sow-editor-base"
			
		>
<div class="siteorigin-widget-tinymce textwidget">
	<p><img loading="lazy" decoding="async" class="aligncenter wp-image-4688" style="border-radius: 50%;" src="https://cerca.org.mx/wp-content/uploads/2023/02/image1-10.jpg" alt="" width="250" height="250" srcset="https://cerca.org.mx/wp-content/uploads/2023/02/image1-10.jpg 1600w, https://cerca.org.mx/wp-content/uploads/2023/02/image1-10-300x300.jpg 300w, https://cerca.org.mx/wp-content/uploads/2023/02/image1-10-1024x1024.jpg 1024w, https://cerca.org.mx/wp-content/uploads/2023/02/image1-10-150x150.jpg 150w, https://cerca.org.mx/wp-content/uploads/2023/02/image1-10-768x768.jpg 768w, https://cerca.org.mx/wp-content/uploads/2023/02/image1-10-1536x1536.jpg 1536w, https://cerca.org.mx/wp-content/uploads/2023/02/image1-10-12x12.jpg 12w" sizes="auto, (max-width: 250px) 100vw, 250px" /></p>
</div>
</div></div><div id="panel-4643-0-0-1" class="so-panel widget widget_sow-editor" data-index="1" ><div
			
			class="so-widget-sow-editor so-widget-sow-editor-base"
			
		>
<div class="siteorigin-widget-tinymce textwidget">
	<hr />
<h2 style="text-align: center;"><span style="color: #2aa5d6;">María Luisa Cruz<br />
</span></h2>
<hr />
</div>
</div></div><div id="panel-4643-0-0-2" class="so-panel widget widget_sow-editor panel-last-child" data-index="2" ><div
			
			class="so-widget-sow-editor so-widget-sow-editor-base"
			
		>
<div class="siteorigin-widget-tinymce textwidget">
	<p>María Luisa Cruz Zerón is originally from Puebla, an Architect by profession graduated from the Universidad Iberoamericana of Puebla, residing and practicing in Los Cabos for more than a decade. From a very young age she developed her ability to write prose and verse about people's trapped emotions and events, from personal experience.</p>
<p>Recently, in her texts, she has focused on the latent emotional crisis in our current society to which we have enslaved ourselves, on the need to get rid of the Ego, to explore more in inner recognition, and the urgency of awakening consciousness to what really matters in such a broken, hurt and indifferent society. This restlessness has been transferred to painting in a conceptual and abstract way. In the painting she intends to connect people in such a way that they explore and recognize in themselves their trapped and hidden emotions waiting for that escape to be released.</p>
<p>She considers herself as a being with a rebellious spirit with strong, intense and at the same time noble emotions, art being her tool to let them flow and letters her way of raising her voice and saying things as they are: the way to speak out. For her, it is the colours, the texture and the flow of the paint that lead to the interpenetration of emotion, the artist and the viewer. The textures represent the scars of the experiences that have hurt us, marked us, and are the witnesses of our history, but that in the end lead us to evolve and transform ourselves into something unique...into the masterpiece that we are and that sometimes we do not recognize ourselves. as such.</p>
</div>
</div></div></div></div></div><div id="pg-4643-1"  class="panel-grid panel-has-style" ><div class="panel-row-style panel-row-style-for-4643-1" ><div id="pgc-4643-1-0"  class="panel-grid-cell" ><div id="panel-4643-1-0-0" class="so-panel widget widget_sow-features panel-first-child panel-last-child" data-index="3" ><div
			
			class="so-widget-sow-features so-widget-sow-features-default-c09f2d03c604-4643"
			
		>
<div class="sow-features-list sow-features-responsive">

									<div
				class="sow-features-feature sow-icon-container-position-top sow-features-feature-last-row"
				style="display: flex; flex-direction: column; width: 100%;"
			>
			
								<div
					class="sow-icon-container sow-container-round"
					style="color: #ffffff; "
					>
					<div class="sow-icon-image" style="background-image: url(https://cerca.org.mx/wp-content/uploads/2023/02/Instagram_logo_2016.svg_.png); font-size: 100px"></div>				</div>
				
				<div class="textwidget">
					
					
											<p style="text-align: center; margin: 1px;"><strong>Instagram</strong></p>
<p style="text-align: center; margin: 1px;"><a href="https://www.instagram.com/mavie.art/">@mavie.art</a></p>
					
									</div>
								
							</div>

			
</div>
</div></div></div></div></div></div>

<p>María Luisa Cruz María Luisa Cruz Zerón es originaria de Puebla, Arquitecta de profesión egresada de la Universidad Iberoamericana Puebla, residiendo y ejerciendo en Los Cabos desde hace más de una década. Desde muy corta edad desarrolló su habilidad para escribir en prosa y verso sobre las emociones y eventos atrapados de las personas, desde &hellip;</p>
<p class="read-more"> <a class="" href="https://cerca.org.mx/en/maria-luisa-cruz/"> <span class="screen-reader-text">María Luisa Cruz</span> Read More &raquo;</a></p>
