{"id":4649,"date":"2023-02-21T19:04:48","date_gmt":"2023-02-21T23:04:48","guid":{"rendered":"https:\/\/cerca.org.mx\/?page_id=4649"},"modified":"2023-02-23T14:37:31","modified_gmt":"2023-02-23T18:37:31","slug":"carlos-diaz","status":"publish","type":"page","link":"https:\/\/cerca.org.mx\/en\/carlos-diaz\/","title":{"rendered":"Carlos C\u00e9sar D\u00edaz Castro"},"content":{"rendered":"<div id=\"pl-4649\"  class=\"panel-layout\" ><div id=\"pg-4649-0\"  class=\"panel-grid panel-has-style\" ><div class=\"panel-row-style panel-row-style-for-4649-0\" ><div id=\"pgc-4649-0-0\"  class=\"panel-grid-cell\" ><div id=\"panel-4649-0-0-0\" class=\"so-panel widget widget_sow-editor panel-first-child\" data-index=\"0\" ><div\n\t\t\t\n\t\t\tclass=\"so-widget-sow-editor so-widget-sow-editor-base\"\n\t\t\t\n\t\t>\n<div class=\"siteorigin-widget-tinymce textwidget\">\n\t<p><img loading=\"lazy\" decoding=\"async\" class=\"wp-image-4650 aligncenter\" style=\"border-radius: 50%;\" src=\"https:\/\/cerca.org.mx\/wp-content\/uploads\/2023\/02\/CCDC-e1677020446619.png\" alt=\"\" width=\"250\" height=\"250\" srcset=\"https:\/\/cerca.org.mx\/wp-content\/uploads\/2023\/02\/CCDC-e1677020446619.png 244w, https:\/\/cerca.org.mx\/wp-content\/uploads\/2023\/02\/CCDC-e1677020446619-150x150.png 150w, https:\/\/cerca.org.mx\/wp-content\/uploads\/2023\/02\/CCDC-e1677020446619-12x12.png 12w\" sizes=\"auto, (max-width: 250px) 100vw, 250px\" \/><\/p>\n<\/div>\n<\/div><\/div><div id=\"panel-4649-0-0-1\" class=\"so-panel widget widget_sow-editor\" data-index=\"1\" ><div\n\t\t\t\n\t\t\tclass=\"so-widget-sow-editor so-widget-sow-editor-base\"\n\t\t\t\n\t\t>\n<div class=\"siteorigin-widget-tinymce textwidget\">\n\t<hr \/>\n<h2 style=\"text-align: center;\"><span style=\"color: #2aa5d6;\">Carlos C\u00e9sar D\u00edaz Castro<br \/>\n<\/span><\/h2>\n<hr \/>\n<\/div>\n<\/div><\/div><div id=\"panel-4649-0-0-2\" class=\"so-panel widget widget_sow-editor panel-last-child\" data-index=\"2\" ><div\n\t\t\t\n\t\t\tclass=\"so-widget-sow-editor so-widget-sow-editor-base\"\n\t\t\t\n\t\t>\n<div class=\"siteorigin-widget-tinymce textwidget\">\n\t<p>Originally from La Paz, Baja California Sur, Mexico. Visual artist with more than 50 exhibitions in his career, he has received accommodation for his work in collective exhibitions such as the Sal\u00f3n de la Pl\u00e1stica Sudcaliforniana, in the Museum of Art of Baja California Sur and individually at the Carlos Art Gallery Olachea Boucsieguez, Center for Arts, Traditions and Cultures Popular being these the most important venues in their native state.<\/p>\n<p>In his career as a museographer, he has had the opportunity to participate in the assembly of international-class exhibitions such as Pharaoh, the Cult of the Sun in Ancient Egypt, the collection of the Egyptian Museum in Berlin, Germany, presented in the National Museum of Anthropology in the Federal District in Mexico, in 2005. In 2012 he was in charge of the design, production, elaboration and realization of the Remodeling of the Natural History Room of the Regional Museum of Anthropology and History of Baja California Sur.<\/p>\n<p>In his work within graphic design and illustration we can highlight the authorship of the materials The Missions Route, Our Cultural Wealth, Children's Tourist Card, Lottery Sudcalifornia and the Codex Peninsula of the La Paz Cultural Center.<\/p>\n<p>He has participated in the Salon du Dessin et Peinture L \u0301Eau at the Art Capital that is based on theGrand Palais des Beaux-Arts in the city of Paris, France, in its 2019 and 2020 edition, has also exhibited his work at the Ch\u00e2teau d'Ancy le Franc in French Burgundy, at the Ch\u00e2teau Museum de Bussy-Rabutin and in the gallery of the Mexican Consulate in Dijon, France, likewise his work Arrieros was part of the inaugural exhibition of the Museum of Art of Baja California Sur.<\/p>\n<p>In 2021 he is selected by the International Watercolor Society Russia in the First International IWS Russia 2021 Festival \"Watercolor with Love\" to exhibit in three venues, Saint Petersburg, Novosibirsk and Moscow, Russia, he has also exhibited in Rome and Sicily, Italy, New York, USA. Porto, Portugal and Madrid, Spain.<\/p>\n<\/div>\n<\/div><\/div><\/div><\/div><\/div><div id=\"pg-4649-1\"  class=\"panel-grid panel-has-style\" ><div class=\"panel-row-style panel-row-style-for-4649-1\" ><div id=\"pgc-4649-1-0\"  class=\"panel-grid-cell\" ><div id=\"panel-4649-1-0-0\" class=\"so-panel widget widget_sow-features panel-first-child panel-last-child\" data-index=\"3\" ><div\n\t\t\t\n\t\t\tclass=\"so-widget-sow-features so-widget-sow-features-default-c09f2d03c604-4649\"\n\t\t\t\n\t\t>\n<div class=\"sow-features-list sow-features-responsive\">\n\n\t\t\t\t\t\t\t\t\t<div\n\t\t\t\tclass=\"sow-features-feature sow-icon-container-position-top sow-features-feature-last-row\"\n\t\t\t\tstyle=\"display: flex; flex-direction: column; width: 100%;\"\n\t\t\t>\n\t\t\t\n\t\t\t\t\t\t\t\t<div\n\t\t\t\t\tclass=\"sow-icon-container sow-container-round\"\n\t\t\t\t\tstyle=\"color: #ffffff; \"\n\t\t\t\t\t>\n\t\t\t\t\t<div class=\"sow-icon-image\" style=\"background-image: url(https:\/\/cerca.org.mx\/wp-content\/uploads\/2023\/02\/diazcastrologo.png); font-size: 100px\"><\/div>\t\t\t\t<\/div>\n\t\t\t\t\n\t\t\t\t<div class=\"textwidget\">\n\t\t\t\t\t\n\t\t\t\t\t\n\t\t\t\t\t\t\t\t\t\t\t<p style=\"text-align: center; margin: 1px;\"><strong>Website<br \/>\n<\/strong><\/p>\n<p style=\"text-align: center; margin: 1px;\"><a href=\"https:\/\/diazcastroart.com\/es\/\">D\u00edaz Castro Art<\/a><\/p>\n\t\t\t\t\t\n\t\t\t\t\t\t\t\t\t<\/div>\n\t\t\t\t\t\t\t\t\n\t\t\t\t\t\t\t<\/div>\n\n\t\t\t\n<\/div>\n<\/div><\/div><\/div><\/div><\/div><\/div>","protected":false},"excerpt":{"rendered":"<p>Carlos C\u00e9sar D\u00edaz Castro Originario de La Paz, Baja California Sur, M\u00e9xico. Artista visual con m\u00e1s de 50 exposiciones en su trayectoria, ha recibido hospedaje para su obra en exposiciones colectivas como el Sal\u00f3n de la Pl\u00e1stica Sudcaliforniana, en el Museo de Arte de Baja California Sur y en lo individual en la Galer\u00eda de &hellip;<\/p>\n<p class=\"read-more\"> <a class=\"\" href=\"https:\/\/cerca.org.mx\/en\/carlos-diaz\/\"> <span class=\"screen-reader-text\">Carlos C\u00e9sar D\u00edaz Castro<\/span> Read More &raquo;<\/a><\/p>","protected":false},"author":1,"featured_media":0,"parent":0,"menu_order":0,"comment_status":"closed","ping_status":"closed","template":"","meta":{"footnotes":""},"class_list":["post-4649","page","type-page","status-publish","hentry"],"_links":{"self":[{"href":"https:\/\/cerca.org.mx\/en\/wp-json\/wp\/v2\/pages\/4649","targetHints":{"allow":["GET"]}}],"collection":[{"href":"https:\/\/cerca.org.mx\/en\/wp-json\/wp\/v2\/pages"}],"about":[{"href":"https:\/\/cerca.org.mx\/en\/wp-json\/wp\/v2\/types\/page"}],"author":[{"embeddable":true,"href":"https:\/\/cerca.org.mx\/en\/wp-json\/wp\/v2\/users\/1"}],"replies":[{"embeddable":true,"href":"https:\/\/cerca.org.mx\/en\/wp-json\/wp\/v2\/comments?post=4649"}],"version-history":[{"count":10,"href":"https:\/\/cerca.org.mx\/en\/wp-json\/wp\/v2\/pages\/4649\/revisions"}],"predecessor-version":[{"id":4742,"href":"https:\/\/cerca.org.mx\/en\/wp-json\/wp\/v2\/pages\/4649\/revisions\/4742"}],"wp:attachment":[{"href":"https:\/\/cerca.org.mx\/en\/wp-json\/wp\/v2\/media?parent=4649"}],"curies":[{"name":"wp","href":"https:\/\/api.w.org\/{rel}","templated":true}]}}

Carlos César Díaz Castro

<div id="pl-4649"  class="panel-layout" ><div id="pg-4649-0"  class="panel-grid panel-has-style" ><div class="panel-row-style panel-row-style-for-4649-0" ><div id="pgc-4649-0-0"  class="panel-grid-cell" ><div id="panel-4649-0-0-0" class="so-panel widget widget_sow-editor panel-first-child" data-index="0" ><div
			
			class="so-widget-sow-editor so-widget-sow-editor-base"
			
		>
<div class="siteorigin-widget-tinymce textwidget">
	<p><img loading="lazy" decoding="async" class="wp-image-4650 aligncenter" style="border-radius: 50%;" src="https://cerca.org.mx/wp-content/uploads/2023/02/CCDC-e1677020446619.png" alt="" width="250" height="250" srcset="https://cerca.org.mx/wp-content/uploads/2023/02/CCDC-e1677020446619.png 244w, https://cerca.org.mx/wp-content/uploads/2023/02/CCDC-e1677020446619-150x150.png 150w, https://cerca.org.mx/wp-content/uploads/2023/02/CCDC-e1677020446619-12x12.png 12w" sizes="auto, (max-width: 250px) 100vw, 250px" /></p>
</div>
</div></div><div id="panel-4649-0-0-1" class="so-panel widget widget_sow-editor" data-index="1" ><div
			
			class="so-widget-sow-editor so-widget-sow-editor-base"
			
		>
<div class="siteorigin-widget-tinymce textwidget">
	<hr />
<h2 style="text-align: center;"><span style="color: #2aa5d6;">Carlos César Díaz Castro<br />
</span></h2>
<hr />
</div>
</div></div><div id="panel-4649-0-0-2" class="so-panel widget widget_sow-editor panel-last-child" data-index="2" ><div
			
			class="so-widget-sow-editor so-widget-sow-editor-base"
			
		>
<div class="siteorigin-widget-tinymce textwidget">
	<p>Originally from La Paz, Baja California Sur, Mexico. Visual artist with more than 50 exhibitions in his career, he has received accommodation for his work in collective exhibitions such as the Salón de la Plástica Sudcaliforniana, in the Museum of Art of Baja California Sur and individually at the Carlos Art Gallery Olachea Boucsieguez, Center for Arts, Traditions and Cultures Popular being these the most important venues in their native state.</p>
<p>In his career as a museographer, he has had the opportunity to participate in the assembly of international-class exhibitions such as Pharaoh, the Cult of the Sun in Ancient Egypt, the collection of the Egyptian Museum in Berlin, Germany, presented in the National Museum of Anthropology in the Federal District in Mexico, in 2005. In 2012 he was in charge of the design, production, elaboration and realization of the Remodeling of the Natural History Room of the Regional Museum of Anthropology and History of Baja California Sur.</p>
<p>In his work within graphic design and illustration we can highlight the authorship of the materials The Missions Route, Our Cultural Wealth, Children's Tourist Card, Lottery Sudcalifornia and the Codex Peninsula of the La Paz Cultural Center.</p>
<p>He has participated in the Salon du Dessin et Peinture L ́Eau at the Art Capital that is based on theGrand Palais des Beaux-Arts in the city of Paris, France, in its 2019 and 2020 edition, has also exhibited his work at the Château d'Ancy le Franc in French Burgundy, at the Château Museum de Bussy-Rabutin and in the gallery of the Mexican Consulate in Dijon, France, likewise his work Arrieros was part of the inaugural exhibition of the Museum of Art of Baja California Sur.</p>
<p>In 2021 he is selected by the International Watercolor Society Russia in the First International IWS Russia 2021 Festival "Watercolor with Love" to exhibit in three venues, Saint Petersburg, Novosibirsk and Moscow, Russia, he has also exhibited in Rome and Sicily, Italy, New York, USA. Porto, Portugal and Madrid, Spain.</p>
</div>
</div></div></div></div></div><div id="pg-4649-1"  class="panel-grid panel-has-style" ><div class="panel-row-style panel-row-style-for-4649-1" ><div id="pgc-4649-1-0"  class="panel-grid-cell" ><div id="panel-4649-1-0-0" class="so-panel widget widget_sow-features panel-first-child panel-last-child" data-index="3" ><div
			
			class="so-widget-sow-features so-widget-sow-features-default-c09f2d03c604-4649"
			
		>
<div class="sow-features-list sow-features-responsive">

									<div
				class="sow-features-feature sow-icon-container-position-top sow-features-feature-last-row"
				style="display: flex; flex-direction: column; width: 100%;"
			>
			
								<div
					class="sow-icon-container sow-container-round"
					style="color: #ffffff; "
					>
					<div class="sow-icon-image" style="background-image: url(https://cerca.org.mx/wp-content/uploads/2023/02/diazcastrologo.png); font-size: 100px"></div>				</div>
				
				<div class="textwidget">
					
					
											<p style="text-align: center; margin: 1px;"><strong>Website<br />
</strong></p>
<p style="text-align: center; margin: 1px;"><a href="https://diazcastroart.com/es/">Díaz Castro Art</a></p>
					
									</div>
								
							</div>

			
</div>
</div></div></div></div></div></div>

<p>Carlos César Díaz Castro Originario de La Paz, Baja California Sur, México. Artista visual con más de 50 exposiciones en su trayectoria, ha recibido hospedaje para su obra en exposiciones colectivas como el Salón de la Plástica Sudcaliforniana, en el Museo de Arte de Baja California Sur y en lo individual en la Galería de &hellip;</p>
<p class="read-more"> <a class="" href="https://cerca.org.mx/en/carlos-diaz/"> <span class="screen-reader-text">Carlos César Díaz Castro</span> Read More &raquo;</a></p>
