{"id":4669,"date":"2023-02-22T14:25:57","date_gmt":"2023-02-22T18:25:57","guid":{"rendered":"https:\/\/cerca.org.mx\/?page_id=4669"},"modified":"2023-02-22T15:16:40","modified_gmt":"2023-02-22T19:16:40","slug":"alejandro-rivas","status":"publish","type":"page","link":"https:\/\/cerca.org.mx\/en\/alejandro-rivas\/","title":{"rendered":"Alejandro Rivas"},"content":{"rendered":"<div id=\"pl-4669\"  class=\"panel-layout\" ><div id=\"pg-4669-0\"  class=\"panel-grid panel-has-style\" ><div class=\"panel-row-style panel-row-style-for-4669-0\" ><div id=\"pgc-4669-0-0\"  class=\"panel-grid-cell\" ><div id=\"panel-4669-0-0-0\" class=\"so-panel widget widget_sow-editor panel-first-child\" data-index=\"0\" ><div\n\t\t\t\n\t\t\tclass=\"so-widget-sow-editor so-widget-sow-editor-base\"\n\t\t\t\n\t\t>\n<div class=\"siteorigin-widget-tinymce textwidget\">\n\t<p><img loading=\"lazy\" decoding=\"async\" class=\"wp-image-4676 aligncenter\" style=\"border-radius: 50%;\" src=\"https:\/\/cerca.org.mx\/wp-content\/uploads\/2023\/02\/image1-8.jpg\" alt=\"\" width=\"250\" height=\"250\" srcset=\"https:\/\/cerca.org.mx\/wp-content\/uploads\/2023\/02\/image1-8.jpg 1600w, https:\/\/cerca.org.mx\/wp-content\/uploads\/2023\/02\/image1-8-300x300.jpg 300w, https:\/\/cerca.org.mx\/wp-content\/uploads\/2023\/02\/image1-8-1024x1024.jpg 1024w, https:\/\/cerca.org.mx\/wp-content\/uploads\/2023\/02\/image1-8-150x150.jpg 150w, https:\/\/cerca.org.mx\/wp-content\/uploads\/2023\/02\/image1-8-768x768.jpg 768w, https:\/\/cerca.org.mx\/wp-content\/uploads\/2023\/02\/image1-8-1536x1536.jpg 1536w, https:\/\/cerca.org.mx\/wp-content\/uploads\/2023\/02\/image1-8-12x12.jpg 12w\" sizes=\"auto, (max-width: 250px) 100vw, 250px\" \/><\/p>\n<\/div>\n<\/div><\/div><div id=\"panel-4669-0-0-1\" class=\"so-panel widget widget_sow-editor\" data-index=\"1\" ><div\n\t\t\t\n\t\t\tclass=\"so-widget-sow-editor so-widget-sow-editor-base\"\n\t\t\t\n\t\t>\n<div class=\"siteorigin-widget-tinymce textwidget\">\n\t<hr \/>\n<h2 style=\"text-align: center;\"><span style=\"color: #2aa5d6;\">Alejandro Rivas<br \/>\n<\/span><\/h2>\n<hr \/>\n<\/div>\n<\/div><\/div><div id=\"panel-4669-0-0-2\" class=\"so-panel widget widget_sow-editor panel-last-child\" data-index=\"2\" ><div\n\t\t\t\n\t\t\tclass=\"so-widget-sow-editor so-widget-sow-editor-base\"\n\t\t\t\n\t\t>\n<div class=\"siteorigin-widget-tinymce textwidget\">\n\t<blockquote>\n<p>My goal is to invite the audience to reflect on the transience of our existence and the negative or positive impact we leave during it.<\/p>\n<\/blockquote>\n<h3><strong>Formation<\/strong><\/h3>\n<ol>\n<li>Documentary photography and ethics - Christian Poveda - 2009<\/li>\n<li>Photojournalism - Secretary of Cultures and Arts of Oaxaca - Shaul Schwarz - 2010<\/li>\n<li>Photojournalism workshop with Emilio Morenatti Mexico City - 2010<\/li>\n<li>Photosensitive - Instituto Sudcaliforniano de Cultura - Publishing of photographic books - Tom\u00e1s Casademunt - 2010<\/li>\n<li>Urban Landscape - Yolanda Andrade - 2012<\/li>\n<li>Photography Documentary - Francisco Mata - 2013<\/li>\n<li>Methods in the documentary essay - Eniac Martinez - 2015<\/li>\n<li>FONCA - Ministry of Culture - Young Creators - 2011<\/li>\n<\/ol>\n<h3><strong>Trajectory<\/strong><\/h3>\n<h4>National Premiere Movies<\/h4>\n<p style=\"padding-left: 40px;\">Documentary feature film \u201cLos Buzos de El Manglito\u201d - Photographer and Producer - 2019<\/p>\n<h4>International Premiere Movies<\/h4>\n<p style=\"padding-left: 40px;\">Documentary feature film \u201cLa Recua\u201d - Photographer, Associate Producer and Distributor. Selected in 12 international festivals, with 3 mentions specials and 5 awards for best documentary - 2021<\/p>\n<h3><b>Exhibitions<\/b><\/h3>\n<h4>Mexico, United States, Spain and Nicaragua National Awards and Scholarships<\/h4>\n<ol>\n<li>La Brecha Vol.1 \u2013 Museum of Art of B.C.S. - 2021<\/li>\n<li>FONCA - Program of the National System of Art Creators - 2020-23<\/li>\n<li>FONCA. Program for the Promotion of Cultural Projects and Co-investments. Publication of\nbook, Laying Networks - 2014<\/li>\n<li>National Journalism Award, Fernando Benitez. Photo essay \"Tending Networks\" -\nGuadalajara - 2011<\/li>\n<li>International Image Festival. 1st place, documentary photography - 2011<\/li>\n<li>FONCA Programa J\u00f3venes Creadores - 2011<\/li>\n<li>Sensitive Photo - Instituto Sudcaliforniano de Cultura - First place \"Nature and\nconservation\" - 2010<\/li>\n<li>The Mexico of the Mexicans - Banamex Foundation - Jury Award - 2009<\/li>\n<\/ol>\n<h4>International Awards and Scholarships<\/h4>\n<ol>\n<li>Theobald of Nigris. Best book printed in duotones in Latin America - Brazil - 2016<\/li>\n<li>22th International Oenovideo Festival - Honorable Mention - Short Film \u201cVino de\nMissional Grape. France - 2015<\/li>\n<li>POY Latam, Third place in Multimedia - The people of the Pitahayas - 2013<\/li>\n<li>Critical Mass - Selected - 2011<\/li>\n<li>PhotoEspa\u00f1a - Seleccionado en PHE Trasatl\u00e1ntica - 2010<\/li>\n<\/ol>\n<h3><strong>Publications<\/strong><\/h3>\n<ol>\n<li>Close to Earth - Photo book by Elizabeth Moreno, Editorial Advisor - 2019<\/li>\n<li>The Comond\u00fa winemaking tradition - Photo book - ISBN 978-607-8478-05-7 - 2016<\/li>\n<li>Tendiendo Redes - Photo book - ISBN: 978-607-00-9077-6 - 2015<\/li>\n<\/ol>\n<p>&nbsp;<\/p>\n<\/div>\n<\/div><\/div><\/div><\/div><\/div><\/div>","protected":false},"excerpt":{"rendered":"<p>Alejandro Rivas Mi objetivo es invitar al p\u00fablico a reflexionar sobre la fugacidad de nuestra existencia y el impacto negativo o positivo que dejamos durante ella. Formaci\u00f3n Fotograf\u00eda documental y \u00e9tica &#8211; Christian Poveda &#8211; 2009 Fotoperiodismo &#8211; Secretar\u00eda de las Culturas y Artes de Oaxaca &#8211; Shaul Schwarz &#8211; 2010 Taller de fotoperiodismo con &hellip;<\/p>\n<p class=\"read-more\"> <a class=\"\" href=\"https:\/\/cerca.org.mx\/en\/alejandro-rivas\/\"> <span class=\"screen-reader-text\">Alejandro Rivas<\/span> Read More &raquo;<\/a><\/p>","protected":false},"author":1,"featured_media":0,"parent":0,"menu_order":0,"comment_status":"closed","ping_status":"closed","template":"","meta":{"footnotes":""},"class_list":["post-4669","page","type-page","status-publish","hentry"],"_links":{"self":[{"href":"https:\/\/cerca.org.mx\/en\/wp-json\/wp\/v2\/pages\/4669","targetHints":{"allow":["GET"]}}],"collection":[{"href":"https:\/\/cerca.org.mx\/en\/wp-json\/wp\/v2\/pages"}],"about":[{"href":"https:\/\/cerca.org.mx\/en\/wp-json\/wp\/v2\/types\/page"}],"author":[{"embeddable":true,"href":"https:\/\/cerca.org.mx\/en\/wp-json\/wp\/v2\/users\/1"}],"replies":[{"embeddable":true,"href":"https:\/\/cerca.org.mx\/en\/wp-json\/wp\/v2\/comments?post=4669"}],"version-history":[{"count":7,"href":"https:\/\/cerca.org.mx\/en\/wp-json\/wp\/v2\/pages\/4669\/revisions"}],"predecessor-version":[{"id":4677,"href":"https:\/\/cerca.org.mx\/en\/wp-json\/wp\/v2\/pages\/4669\/revisions\/4677"}],"wp:attachment":[{"href":"https:\/\/cerca.org.mx\/en\/wp-json\/wp\/v2\/media?parent=4669"}],"curies":[{"name":"wp","href":"https:\/\/api.w.org\/{rel}","templated":true}]}}

<div id="pl-4669"  class="panel-layout" ><div id="pg-4669-0"  class="panel-grid panel-has-style" ><div class="panel-row-style panel-row-style-for-4669-0" ><div id="pgc-4669-0-0"  class="panel-grid-cell" ><div id="panel-4669-0-0-0" class="so-panel widget widget_sow-editor panel-first-child" data-index="0" ><div
			
			class="so-widget-sow-editor so-widget-sow-editor-base"
			
		>
<div class="siteorigin-widget-tinymce textwidget">
	<p><img loading="lazy" decoding="async" class="wp-image-4676 aligncenter" style="border-radius: 50%;" src="https://cerca.org.mx/wp-content/uploads/2023/02/image1-8.jpg" alt="" width="250" height="250" srcset="https://cerca.org.mx/wp-content/uploads/2023/02/image1-8.jpg 1600w, https://cerca.org.mx/wp-content/uploads/2023/02/image1-8-300x300.jpg 300w, https://cerca.org.mx/wp-content/uploads/2023/02/image1-8-1024x1024.jpg 1024w, https://cerca.org.mx/wp-content/uploads/2023/02/image1-8-150x150.jpg 150w, https://cerca.org.mx/wp-content/uploads/2023/02/image1-8-768x768.jpg 768w, https://cerca.org.mx/wp-content/uploads/2023/02/image1-8-1536x1536.jpg 1536w, https://cerca.org.mx/wp-content/uploads/2023/02/image1-8-12x12.jpg 12w" sizes="auto, (max-width: 250px) 100vw, 250px" /></p>
</div>
</div></div><div id="panel-4669-0-0-1" class="so-panel widget widget_sow-editor" data-index="1" ><div
			
			class="so-widget-sow-editor so-widget-sow-editor-base"
			
		>
<div class="siteorigin-widget-tinymce textwidget">
	<hr />
<h2 style="text-align: center;"><span style="color: #2aa5d6;">Alejandro Rivas<br />
</span></h2>
<hr />
</div>
</div></div><div id="panel-4669-0-0-2" class="so-panel widget widget_sow-editor panel-last-child" data-index="2" ><div
			
			class="so-widget-sow-editor so-widget-sow-editor-base"
			
		>
<div class="siteorigin-widget-tinymce textwidget">
	<blockquote>
<p>My goal is to invite the audience to reflect on the transience of our existence and the negative or positive impact we leave during it.</p>
</blockquote>
<h3><strong>Formation</strong></h3>
<ol>
<li>Documentary photography and ethics - Christian Poveda - 2009</li>
<li>Photojournalism - Secretary of Cultures and Arts of Oaxaca - Shaul Schwarz - 2010</li>
<li>Photojournalism workshop with Emilio Morenatti Mexico City - 2010</li>
<li>Photosensitive - Instituto Sudcaliforniano de Cultura - Publishing of photographic books - Tomás Casademunt - 2010</li>
<li>Urban Landscape - Yolanda Andrade - 2012</li>
<li>Photography Documentary - Francisco Mata - 2013</li>
<li>Methods in the documentary essay - Eniac Martinez - 2015</li>
<li>FONCA - Ministry of Culture - Young Creators - 2011</li>
</ol>
<h3><strong>Trajectory</strong></h3>
<h4>National Premiere Movies</h4>
<p style="padding-left: 40px;">Documentary feature film “Los Buzos de El Manglito” - Photographer and Producer - 2019</p>
<h4>International Premiere Movies</h4>
<p style="padding-left: 40px;">Documentary feature film “La Recua” - Photographer, Associate Producer and Distributor. Selected in 12 international festivals, with 3 mentions specials and 5 awards for best documentary - 2021</p>
<h3><b>Exhibitions</b></h3>
<h4>Mexico, United States, Spain and Nicaragua National Awards and Scholarships</h4>
<ol>
<li>La Brecha Vol.1 – Museum of Art of B.C.S. - 2021</li>
<li>FONCA - Program of the National System of Art Creators - 2020-23</li>
<li>FONCA. Program for the Promotion of Cultural Projects and Co-investments. Publication of
book, Laying Networks - 2014</li>
<li>National Journalism Award, Fernando Benitez. Photo essay "Tending Networks" -
Guadalajara - 2011</li>
<li>International Image Festival. 1st place, documentary photography - 2011</li>
<li>FONCA Programa Jóvenes Creadores - 2011</li>
<li>Sensitive Photo - Instituto Sudcaliforniano de Cultura - First place "Nature and
conservation" - 2010</li>
<li>The Mexico of the Mexicans - Banamex Foundation - Jury Award - 2009</li>
</ol>
<h4>International Awards and Scholarships</h4>
<ol>
<li>Theobald of Nigris. Best book printed in duotones in Latin America - Brazil - 2016</li>
<li>22th International Oenovideo Festival - Honorable Mention - Short Film “Vino de
Missional Grape. France - 2015</li>
<li>POY Latam, Third place in Multimedia - The people of the Pitahayas - 2013</li>
<li>Critical Mass - Selected - 2011</li>
<li>PhotoEspaña - Seleccionado en PHE Trasatlántica - 2010</li>
</ol>
<h3><strong>Publications</strong></h3>
<ol>
<li>Close to Earth - Photo book by Elizabeth Moreno, Editorial Advisor - 2019</li>
<li>The Comondú winemaking tradition - Photo book - ISBN 978-607-8478-05-7 - 2016</li>
<li>Tendiendo Redes - Photo book - ISBN: 978-607-00-9077-6 - 2015</li>
</ol>
<p>&nbsp;</p>
</div>
</div></div></div></div></div></div>

<p>Alejandro Rivas Mi objetivo es invitar al público a reflexionar sobre la fugacidad de nuestra existencia y el impacto negativo o positivo que dejamos durante ella. Formación Fotografía documental y ética &#8211; Christian Poveda &#8211; 2009 Fotoperiodismo &#8211; Secretaría de las Culturas y Artes de Oaxaca &#8211; Shaul Schwarz &#8211; 2010 Taller de fotoperiodismo con &hellip;</p>
<p class="read-more"> <a class="" href="https://cerca.org.mx/en/alejandro-rivas/"> <span class="screen-reader-text">Alejandro Rivas</span> Read More &raquo;</a></p>
