{"id":4722,"date":"2023-02-22T19:53:01","date_gmt":"2023-02-22T23:53:01","guid":{"rendered":"https:\/\/cerca.org.mx\/?page_id=4722"},"modified":"2023-02-22T19:53:54","modified_gmt":"2023-02-22T23:53:54","slug":"carlos-aguilera","status":"publish","type":"page","link":"https:\/\/cerca.org.mx\/en\/carlos-aguilera\/","title":{"rendered":"Carlos Aguilera"},"content":{"rendered":"<div id=\"pl-4722\"  class=\"panel-layout\" ><div id=\"pg-4722-0\"  class=\"panel-grid panel-has-style\" ><div class=\"panel-row-style panel-row-style-for-4722-0\" ><div id=\"pgc-4722-0-0\"  class=\"panel-grid-cell\" ><div id=\"panel-4722-0-0-0\" class=\"so-panel widget widget_sow-editor panel-first-child\" data-index=\"0\" ><div\n\t\t\t\n\t\t\tclass=\"so-widget-sow-editor so-widget-sow-editor-base\"\n\t\t\t\n\t\t>\n<div class=\"siteorigin-widget-tinymce textwidget\">\n\t<hr \/>\n<h2 style=\"text-align: center;\"><span style=\"color: #2aa5d6;\">Carlos Aguilera<br \/>\n<\/span><\/h2>\n<hr \/>\n<\/div>\n<\/div><\/div><div id=\"panel-4722-0-0-1\" class=\"so-panel widget widget_sow-editor panel-last-child\" data-index=\"1\" ><div\n\t\t\t\n\t\t\tclass=\"so-widget-sow-editor so-widget-sow-editor-base\"\n\t\t\t\n\t\t>\n<div class=\"siteorigin-widget-tinymce textwidget\">\n\t<p>Storyteller of nature, culture and conservation. Believe in the image and audiovisual media as tools for conservation, reflection and change. A native of Morelia, Michoac\u00e1n, he came to the peninsula of Baja California Sur looking for Marine Biology, but found the photograph and video. He discovered the wonderful nature and unique culture of the site at the same time he discovered the greed that puts them at risk. Since then, he has had the opportunity to work with various non-governmental organizations, media and cultural authorities on projects focused on the dissemination of cultural heritage and nature conservation inside and outside his native Mexico.<\/p>\n<\/div>\n<\/div><\/div><\/div><\/div><\/div><\/div>","protected":false},"excerpt":{"rendered":"<p>Carlos Aguilera Contador de historias de naturaleza, cultura y conservaci\u00f3n. Cree en la imagen y los medios audiovisuales como herramientas de conservaci\u00f3n, de reflexi\u00f3n y de cambio. Nativo de Morelia Michoac\u00e1n, lleg\u00f3 a la pen\u00ednsula de Baja California Sur buscando la Biolog\u00eda Marina, pero encontr\u00f3 la fotograf\u00eda y el video. Descubri\u00f3 la maravillosa naturaleza y &hellip;<\/p>\n<p class=\"read-more\"> <a class=\"\" href=\"https:\/\/cerca.org.mx\/en\/carlos-aguilera\/\"> <span class=\"screen-reader-text\">Carlos Aguilera<\/span> Read More &raquo;<\/a><\/p>","protected":false},"author":1,"featured_media":0,"parent":0,"menu_order":0,"comment_status":"closed","ping_status":"closed","template":"","meta":{"footnotes":""},"class_list":["post-4722","page","type-page","status-publish","hentry"],"_links":{"self":[{"href":"https:\/\/cerca.org.mx\/en\/wp-json\/wp\/v2\/pages\/4722","targetHints":{"allow":["GET"]}}],"collection":[{"href":"https:\/\/cerca.org.mx\/en\/wp-json\/wp\/v2\/pages"}],"about":[{"href":"https:\/\/cerca.org.mx\/en\/wp-json\/wp\/v2\/types\/page"}],"author":[{"embeddable":true,"href":"https:\/\/cerca.org.mx\/en\/wp-json\/wp\/v2\/users\/1"}],"replies":[{"embeddable":true,"href":"https:\/\/cerca.org.mx\/en\/wp-json\/wp\/v2\/comments?post=4722"}],"version-history":[{"count":2,"href":"https:\/\/cerca.org.mx\/en\/wp-json\/wp\/v2\/pages\/4722\/revisions"}],"predecessor-version":[{"id":4724,"href":"https:\/\/cerca.org.mx\/en\/wp-json\/wp\/v2\/pages\/4722\/revisions\/4724"}],"wp:attachment":[{"href":"https:\/\/cerca.org.mx\/en\/wp-json\/wp\/v2\/media?parent=4722"}],"curies":[{"name":"wp","href":"https:\/\/api.w.org\/{rel}","templated":true}]}}

<div id="pl-4722"  class="panel-layout" ><div id="pg-4722-0"  class="panel-grid panel-has-style" ><div class="panel-row-style panel-row-style-for-4722-0" ><div id="pgc-4722-0-0"  class="panel-grid-cell" ><div id="panel-4722-0-0-0" class="so-panel widget widget_sow-editor panel-first-child" data-index="0" ><div
			
			class="so-widget-sow-editor so-widget-sow-editor-base"
			
		>
<div class="siteorigin-widget-tinymce textwidget">
	<hr />
<h2 style="text-align: center;"><span style="color: #2aa5d6;">Carlos Aguilera<br />
</span></h2>
<hr />
</div>
</div></div><div id="panel-4722-0-0-1" class="so-panel widget widget_sow-editor panel-last-child" data-index="1" ><div
			
			class="so-widget-sow-editor so-widget-sow-editor-base"
			
		>
<div class="siteorigin-widget-tinymce textwidget">
	<p>Storyteller of nature, culture and conservation. Believe in the image and audiovisual media as tools for conservation, reflection and change. A native of Morelia, Michoacán, he came to the peninsula of Baja California Sur looking for Marine Biology, but found the photograph and video. He discovered the wonderful nature and unique culture of the site at the same time he discovered the greed that puts them at risk. Since then, he has had the opportunity to work with various non-governmental organizations, media and cultural authorities on projects focused on the dissemination of cultural heritage and nature conservation inside and outside his native Mexico.</p>
</div>
</div></div></div></div></div></div>

<p>Carlos Aguilera Contador de historias de naturaleza, cultura y conservación. Cree en la imagen y los medios audiovisuales como herramientas de conservación, de reflexión y de cambio. Nativo de Morelia Michoacán, llegó a la península de Baja California Sur buscando la Biología Marina, pero encontró la fotografía y el video. Descubrió la maravillosa naturaleza y &hellip;</p>
<p class="read-more"> <a class="" href="https://cerca.org.mx/en/carlos-aguilera/"> <span class="screen-reader-text">Carlos Aguilera</span> Read More &raquo;</a></p>
